{"id":31,"date":"2020-02-06T09:28:02","date_gmt":"2020-02-06T08:28:02","guid":{"rendered":"https:\/\/viacordis-akademie.de\/elernen\/?page_id=31"},"modified":"2025-01-14T05:43:39","modified_gmt":"2025-01-14T04:43:39","slug":"kontakt","status":"publish","type":"page","link":"https:\/\/viacordis-akademie.de\/elernen\/kontakt\/","title":{"rendered":"Kontakt"},"content":{"rendered":"<style>.kb-row-layout-id31_f3861c-85 > .kt-row-column-wrap{align-content:start;}:where(.kb-row-layout-id31_f3861c-85 > .kt-row-column-wrap) > .wp-block-kadence-column{justify-content:start;}.kb-row-layout-id31_f3861c-85 > .kt-row-column-wrap{column-gap:var(--global-kb-gap-md, 2rem);row-gap:var(--global-kb-gap-md, 2rem);max-width:var( --global-content-width, 1290px );padding-left:var(--global-content-edge-padding);padding-right:var(--global-content-edge-padding);padding-top:60px;padding-right:24px;padding-bottom:60px;padding-left:24px;grid-template-columns:repeat(2, minmax(0, 1fr));}.kb-row-layout-id31_f3861c-85 > .kt-row-layout-overlay{opacity:0.30;}@media all and (max-width: 1024px){.kb-row-layout-id31_f3861c-85 > .kt-row-column-wrap{padding-right:40px;padding-left:40px;grid-template-columns:repeat(2, minmax(0, 1fr));}}@media all and (max-width: 767px){.kb-row-layout-id31_f3861c-85 > .kt-row-column-wrap{padding-top:20px;padding-right:20px;padding-bottom:20px;padding-left:20px;grid-template-columns:minmax(0, 1fr);}}<\/style><div class=\"kb-row-layout-wrap kb-row-layout-id31_f3861c-85 alignfull wp-block-kadence-rowlayout\"><div class=\"kt-row-column-wrap kt-has-2-columns kt-row-layout-equal kt-tab-layout-inherit kt-mobile-layout-row kt-row-valign-top kb-theme-content-width\">\n<style>.kadence-column31_36da4d-15 > .kt-inside-inner-col,.kadence-column31_36da4d-15 > .kt-inside-inner-col:before{border-top-left-radius:0px;border-top-right-radius:0px;border-bottom-right-radius:0px;border-bottom-left-radius:0px;}.kadence-column31_36da4d-15 > .kt-inside-inner-col{column-gap:var(--global-kb-gap-sm, 1rem);}.kadence-column31_36da4d-15 > .kt-inside-inner-col{flex-direction:column;}.kadence-column31_36da4d-15 > .kt-inside-inner-col > .aligncenter{width:100%;}.kadence-column31_36da4d-15 > .kt-inside-inner-col:before{opacity:0.3;}.kadence-column31_36da4d-15{position:relative;}@media all and (max-width: 1024px){.kadence-column31_36da4d-15 > .kt-inside-inner-col{flex-direction:column;justify-content:center;}}@media all and (max-width: 767px){.kadence-column31_36da4d-15 > .kt-inside-inner-col{flex-direction:column;justify-content:center;}}<\/style>\n<div class=\"wp-block-kadence-column kadence-column31_36da4d-15\"><div class=\"kt-inside-inner-col\"><style>.wp-block-kadence-advancedheading.kt-adv-heading31_da50a8-81, .wp-block-kadence-advancedheading.kt-adv-heading31_da50a8-81[data-kb-block=\"kb-adv-heading31_da50a8-81\"]{font-style:normal;}.wp-block-kadence-advancedheading.kt-adv-heading31_da50a8-81 mark.kt-highlight, .wp-block-kadence-advancedheading.kt-adv-heading31_da50a8-81[data-kb-block=\"kb-adv-heading31_da50a8-81\"] mark.kt-highlight{font-style:normal;color:#f76a0c;-webkit-box-decoration-break:clone;box-decoration-break:clone;padding-top:0px;padding-right:0px;padding-bottom:0px;padding-left:0px;}.wp-block-kadence-advancedheading.kt-adv-heading31_da50a8-81 img.kb-inline-image, .wp-block-kadence-advancedheading.kt-adv-heading31_da50a8-81[data-kb-block=\"kb-adv-heading31_da50a8-81\"] img.kb-inline-image{width:150px;vertical-align:baseline;}<\/style>\n<h2 class=\"kt-adv-heading31_da50a8-81 wp-block-kadence-advancedheading\" data-kb-block=\"kb-adv-heading31_da50a8-81\">Adresse<\/h2>\n\n\n\n<p>ViaCordis Akademie<br>Untere Dorfstra\u00dfe 8<br>79843 L\u00f6ffingen<\/p>\n<\/div><\/div>\n\n\n<style>.kadence-column31_826578-b2 > .kt-inside-inner-col,.kadence-column31_826578-b2 > .kt-inside-inner-col:before{border-top-left-radius:0px;border-top-right-radius:0px;border-bottom-right-radius:0px;border-bottom-left-radius:0px;}.kadence-column31_826578-b2 > .kt-inside-inner-col{column-gap:var(--global-kb-gap-sm, 1rem);}.kadence-column31_826578-b2 > .kt-inside-inner-col{flex-direction:column;}.kadence-column31_826578-b2 > .kt-inside-inner-col > .aligncenter{width:100%;}.kadence-column31_826578-b2 > .kt-inside-inner-col:before{opacity:0.3;}.kadence-column31_826578-b2{position:relative;}@media all and (max-width: 1024px){.kadence-column31_826578-b2 > .kt-inside-inner-col{flex-direction:column;justify-content:center;}}@media all and (max-width: 767px){.kadence-column31_826578-b2 > .kt-inside-inner-col{flex-direction:column;justify-content:center;}}<\/style>\n<div class=\"wp-block-kadence-column kadence-column31_826578-b2\"><div class=\"kt-inside-inner-col\"><style>.wp-block-kadence-advancedheading.kt-adv-heading31_35a7ba-2b, .wp-block-kadence-advancedheading.kt-adv-heading31_35a7ba-2b[data-kb-block=\"kb-adv-heading31_35a7ba-2b\"]{font-style:normal;}.wp-block-kadence-advancedheading.kt-adv-heading31_35a7ba-2b mark.kt-highlight, .wp-block-kadence-advancedheading.kt-adv-heading31_35a7ba-2b[data-kb-block=\"kb-adv-heading31_35a7ba-2b\"] mark.kt-highlight{font-style:normal;color:#f76a0c;-webkit-box-decoration-break:clone;box-decoration-break:clone;padding-top:0px;padding-right:0px;padding-bottom:0px;padding-left:0px;}.wp-block-kadence-advancedheading.kt-adv-heading31_35a7ba-2b img.kb-inline-image, .wp-block-kadence-advancedheading.kt-adv-heading31_35a7ba-2b[data-kb-block=\"kb-adv-heading31_35a7ba-2b\"] img.kb-inline-image{width:150px;vertical-align:baseline;}<\/style>\n<h2 class=\"kt-adv-heading31_35a7ba-2b wp-block-kadence-advancedheading\" data-kb-block=\"kb-adv-heading31_35a7ba-2b\">Datenschutz<\/h2>\n\n\n\n<p>Deine pers\u00f6nlichen Daten werden streng vertraulich behandelt und ausschlie\u00dflich zur Bearbeitung deiner Anfragen erhoben, \u00fcbermittelt, verarbeitet und genutzt. Lese auch unsere <a href=\"https:\/\/viacordis-akademie.de\/elernen\/datenschutz\/\">Datenschutzerkl\u00e4rung<\/a>.<\/p>\n<\/div><\/div>\n\n<\/div><\/div>\n\n<style>.kb-row-layout-id31_dbe499-0f > .kt-row-column-wrap{align-content:start;}:where(.kb-row-layout-id31_dbe499-0f > .kt-row-column-wrap) > .wp-block-kadence-column{justify-content:start;}.kb-row-layout-id31_dbe499-0f > .kt-row-column-wrap{column-gap:var(--global-kb-gap-md, 2rem);row-gap:var(--global-kb-gap-md, 2rem);max-width:var( --global-content-width, 1290px );padding-left:var(--global-content-edge-padding);padding-right:var(--global-content-edge-padding);padding-top:60px;padding-right:24px;padding-bottom:60px;padding-left:24px;grid-template-columns:repeat(2, minmax(0, 1fr));}.kb-row-layout-id31_dbe499-0f > .kt-row-layout-overlay{opacity:0.30;}@media all and (max-width: 1024px){.kb-row-layout-id31_dbe499-0f > .kt-row-column-wrap{padding-right:40px;padding-left:40px;grid-template-columns:repeat(2, minmax(0, 1fr));}}@media all and (max-width: 767px){.kb-row-layout-id31_dbe499-0f > .kt-row-column-wrap{padding-top:20px;padding-right:20px;padding-bottom:20px;padding-left:20px;grid-template-columns:minmax(0, 1fr);}}<\/style><div class=\"kb-row-layout-wrap kb-row-layout-id31_dbe499-0f alignfull wp-block-kadence-rowlayout\"><div class=\"kt-row-column-wrap kt-has-2-columns kt-row-layout-equal kt-tab-layout-inherit kt-mobile-layout-row kt-row-valign-top kb-theme-content-width\">\n<style>.kadence-column31_e93b64-37 > .kt-inside-inner-col,.kadence-column31_e93b64-37 > .kt-inside-inner-col:before{border-top-left-radius:0px;border-top-right-radius:0px;border-bottom-right-radius:0px;border-bottom-left-radius:0px;}.kadence-column31_e93b64-37 > .kt-inside-inner-col{column-gap:var(--global-kb-gap-sm, 1rem);}.kadence-column31_e93b64-37 > .kt-inside-inner-col{flex-direction:column;}.kadence-column31_e93b64-37 > .kt-inside-inner-col > .aligncenter{width:100%;}.kadence-column31_e93b64-37 > .kt-inside-inner-col:before{opacity:0.3;}.kadence-column31_e93b64-37{position:relative;}@media all and (max-width: 1024px){.kadence-column31_e93b64-37 > .kt-inside-inner-col{flex-direction:column;justify-content:center;}}@media all and (max-width: 767px){.kadence-column31_e93b64-37 > .kt-inside-inner-col{flex-direction:column;justify-content:center;}}<\/style>\n<div class=\"wp-block-kadence-column kadence-column31_e93b64-37\"><div class=\"kt-inside-inner-col\"><style>.wp-block-kadence-advancedheading.kt-adv-heading31_213192-8d, .wp-block-kadence-advancedheading.kt-adv-heading31_213192-8d[data-kb-block=\"kb-adv-heading31_213192-8d\"]{font-style:normal;}.wp-block-kadence-advancedheading.kt-adv-heading31_213192-8d mark.kt-highlight, .wp-block-kadence-advancedheading.kt-adv-heading31_213192-8d[data-kb-block=\"kb-adv-heading31_213192-8d\"] mark.kt-highlight{font-style:normal;color:#f76a0c;-webkit-box-decoration-break:clone;box-decoration-break:clone;padding-top:0px;padding-right:0px;padding-bottom:0px;padding-left:0px;}.wp-block-kadence-advancedheading.kt-adv-heading31_213192-8d img.kb-inline-image, .wp-block-kadence-advancedheading.kt-adv-heading31_213192-8d[data-kb-block=\"kb-adv-heading31_213192-8d\"] img.kb-inline-image{width:150px;vertical-align:baseline;}<\/style>\n<h2 class=\"kt-adv-heading31_213192-8d wp-block-kadence-advancedheading\" data-kb-block=\"kb-adv-heading31_213192-8d\">Telefon<\/h2>\n\n\n\n<p>07654 80 88 988<br>Werktags von 09:00 bis 19:00 Uhr<\/p>\n<\/div><\/div>\n\n\n<style>.kadence-column31_3eb0ba-84 > .kt-inside-inner-col,.kadence-column31_3eb0ba-84 > .kt-inside-inner-col:before{border-top-left-radius:0px;border-top-right-radius:0px;border-bottom-right-radius:0px;border-bottom-left-radius:0px;}.kadence-column31_3eb0ba-84 > .kt-inside-inner-col{column-gap:var(--global-kb-gap-sm, 1rem);}.kadence-column31_3eb0ba-84 > .kt-inside-inner-col{flex-direction:column;}.kadence-column31_3eb0ba-84 > .kt-inside-inner-col > .aligncenter{width:100%;}.kadence-column31_3eb0ba-84 > .kt-inside-inner-col:before{opacity:0.3;}.kadence-column31_3eb0ba-84{position:relative;}@media all and (max-width: 1024px){.kadence-column31_3eb0ba-84 > .kt-inside-inner-col{flex-direction:column;justify-content:center;}}@media all and (max-width: 767px){.kadence-column31_3eb0ba-84 > .kt-inside-inner-col{flex-direction:column;justify-content:center;}}<\/style>\n<div class=\"wp-block-kadence-column kadence-column31_3eb0ba-84\"><div class=\"kt-inside-inner-col\"><style>.wp-block-kadence-advancedheading.kt-adv-heading31_fc676e-08, .wp-block-kadence-advancedheading.kt-adv-heading31_fc676e-08[data-kb-block=\"kb-adv-heading31_fc676e-08\"]{font-style:normal;}.wp-block-kadence-advancedheading.kt-adv-heading31_fc676e-08 mark.kt-highlight, .wp-block-kadence-advancedheading.kt-adv-heading31_fc676e-08[data-kb-block=\"kb-adv-heading31_fc676e-08\"] mark.kt-highlight{font-style:normal;color:#f76a0c;-webkit-box-decoration-break:clone;box-decoration-break:clone;padding-top:0px;padding-right:0px;padding-bottom:0px;padding-left:0px;}.wp-block-kadence-advancedheading.kt-adv-heading31_fc676e-08 img.kb-inline-image, .wp-block-kadence-advancedheading.kt-adv-heading31_fc676e-08[data-kb-block=\"kb-adv-heading31_fc676e-08\"] img.kb-inline-image{width:150px;vertical-align:baseline;}<\/style>\n<h2 class=\"kt-adv-heading31_fc676e-08 wp-block-kadence-advancedheading\" data-kb-block=\"kb-adv-heading31_fc676e-08\">E-Mail<\/h2>\n\n\n\n<p>hastenteufel(at)alizel.de<\/p>\n<\/div><\/div>\n\n<\/div><\/div>","protected":false},"excerpt":{"rendered":"<p>Adresse ViaCordis AkademieUntere Dorfstra\u00dfe 879843 L\u00f6ffingen Datenschutz Deine pers\u00f6nlichen Daten werden streng vertraulich behandelt und ausschlie\u00dflich zur Bearbeitung deiner Anfragen erhoben, \u00fcbermittelt, verarbeitet und genutzt. Lese auch unsere Datenschutzerkl\u00e4rung. Telefon 07654 80 88 988Werktags von 09:00 bis 19:00 Uhr E-Mail hastenteufel(at)alizel.de<\/p>\n","protected":false},"author":1,"featured_media":0,"parent":0,"menu_order":0,"comment_status":"closed","ping_status":"closed","template":"","meta":{"_kad_blocks_custom_css":"","_kad_blocks_head_custom_js":"","_kad_blocks_body_custom_js":"","_kad_blocks_footer_custom_js":"","_kad_post_transparent":"","_kad_post_title":"","_kad_post_layout":"","_kad_post_sidebar_id":"","_kad_post_content_style":"","_kad_post_vertical_padding":"","_kad_post_feature":"","_kad_post_feature_position":"","_kad_post_header":false,"_kad_post_footer":false,"_kad_post_classname":"","footnotes":""},"class_list":["post-31","page","type-page","status-publish","hentry"],"yoast_head":"<!-- This site is optimized with the Yoast SEO plugin v27.5 - https:\/\/yoast.com\/product\/yoast-seo-wordpress\/ -->\n<title>Kontakt &#187; ViaCordis Akademie eLernen<\/title>\n<meta name=\"robots\" content=\"index, follow, max-snippet:-1, max-image-preview:large, max-video-preview:-1\" \/>\n<link rel=\"canonical\" href=\"https:\/\/viacordis-akademie.de\/elernen\/kontakt\/\" \/>\n<meta property=\"og:locale\" content=\"de_DE\" \/>\n<meta property=\"og:type\" content=\"article\" \/>\n<meta property=\"og:title\" content=\"Kontakt &#187; ViaCordis Akademie eLernen\" \/>\n<meta property=\"og:description\" content=\"Adresse ViaCordis AkademieUntere Dorfstra\u00dfe 879843 L\u00f6ffingen Datenschutz Deine pers\u00f6nlichen Daten werden streng vertraulich behandelt und ausschlie\u00dflich zur Bearbeitung deiner Anfragen erhoben, \u00fcbermittelt, verarbeitet und genutzt. Lese auch unsere Datenschutzerkl\u00e4rung. Telefon 07654 80 88 988Werktags von 09:00 bis 19:00 Uhr E-Mail hastenteufel(at)alizel.de\" \/>\n<meta property=\"og:url\" content=\"https:\/\/viacordis-akademie.de\/elernen\/kontakt\/\" \/>\n<meta property=\"og:site_name\" content=\"ViaCordis Akademie eLernen\" \/>\n<meta property=\"article:modified_time\" content=\"2025-01-14T04:43:39+00:00\" \/>\n<meta name=\"twitter:card\" content=\"summary_large_image\" \/>\n<meta name=\"twitter:label1\" content=\"Gesch\u00e4tzte Lesezeit\" \/>\n\t<meta name=\"twitter:data1\" content=\"1\u00a0Minute\" \/>\n<script type=\"application\/ld+json\" class=\"yoast-schema-graph\">{\"@context\":\"https:\\\/\\\/schema.org\",\"@graph\":[{\"@type\":\"WebPage\",\"@id\":\"https:\\\/\\\/viacordis-akademie.de\\\/elernen\\\/kontakt\\\/\",\"url\":\"https:\\\/\\\/viacordis-akademie.de\\\/elernen\\\/kontakt\\\/\",\"name\":\"Kontakt &#187; ViaCordis Akademie eLernen\",\"isPartOf\":{\"@id\":\"https:\\\/\\\/viacordis-akademie.de\\\/elernen\\\/#website\"},\"datePublished\":\"2020-02-06T08:28:02+00:00\",\"dateModified\":\"2025-01-14T04:43:39+00:00\",\"breadcrumb\":{\"@id\":\"https:\\\/\\\/viacordis-akademie.de\\\/elernen\\\/kontakt\\\/#breadcrumb\"},\"inLanguage\":\"de\",\"potentialAction\":[{\"@type\":\"ReadAction\",\"target\":[\"https:\\\/\\\/viacordis-akademie.de\\\/elernen\\\/kontakt\\\/\"]}]},{\"@type\":\"BreadcrumbList\",\"@id\":\"https:\\\/\\\/viacordis-akademie.de\\\/elernen\\\/kontakt\\\/#breadcrumb\",\"itemListElement\":[{\"@type\":\"ListItem\",\"position\":1,\"name\":\"Startseite\",\"item\":\"https:\\\/\\\/viacordis-akademie.de\\\/elernen\\\/\"},{\"@type\":\"ListItem\",\"position\":2,\"name\":\"Kontakt\"}]},{\"@type\":\"WebSite\",\"@id\":\"https:\\\/\\\/viacordis-akademie.de\\\/elernen\\\/#website\",\"url\":\"https:\\\/\\\/viacordis-akademie.de\\\/elernen\\\/\",\"name\":\"ViaCordis Akademie eLernen\",\"description\":\"Elektronisch unterst\u00fctztes Lernen - deutschsprachige Nutzer..\",\"publisher\":{\"@id\":\"https:\\\/\\\/viacordis-akademie.de\\\/elernen\\\/#organization\"},\"potentialAction\":[{\"@type\":\"SearchAction\",\"target\":{\"@type\":\"EntryPoint\",\"urlTemplate\":\"https:\\\/\\\/viacordis-akademie.de\\\/elernen\\\/?s={search_term_string}\"},\"query-input\":{\"@type\":\"PropertyValueSpecification\",\"valueRequired\":true,\"valueName\":\"search_term_string\"}}],\"inLanguage\":\"de\"},{\"@type\":\"Organization\",\"@id\":\"https:\\\/\\\/viacordis-akademie.de\\\/elernen\\\/#organization\",\"name\":\"Via Cordis Akademie\",\"url\":\"https:\\\/\\\/viacordis-akademie.de\\\/elernen\\\/\",\"logo\":{\"@type\":\"ImageObject\",\"inLanguage\":\"de\",\"@id\":\"https:\\\/\\\/viacordis-akademie.de\\\/elernen\\\/#\\\/schema\\\/logo\\\/image\\\/\",\"url\":\"https:\\\/\\\/viacordis-akademie.de\\\/elernen\\\/wp-content\\\/uploads\\\/sites\\\/3\\\/2020\\\/02\\\/vca-3.png\",\"contentUrl\":\"https:\\\/\\\/viacordis-akademie.de\\\/elernen\\\/wp-content\\\/uploads\\\/sites\\\/3\\\/2020\\\/02\\\/vca-3.png\",\"width\":873,\"height\":443,\"caption\":\"Via Cordis Akademie\"},\"image\":{\"@id\":\"https:\\\/\\\/viacordis-akademie.de\\\/elernen\\\/#\\\/schema\\\/logo\\\/image\\\/\"}}]}<\/script>\n<!-- \/ Yoast SEO plugin. -->","yoast_head_json":{"title":"Kontakt &#187; ViaCordis Akademie eLernen","robots":{"index":"index","follow":"follow","max-snippet":"max-snippet:-1","max-image-preview":"max-image-preview:large","max-video-preview":"max-video-preview:-1"},"canonical":"https:\/\/viacordis-akademie.de\/elernen\/kontakt\/","og_locale":"de_DE","og_type":"article","og_title":"Kontakt &#187; ViaCordis Akademie eLernen","og_description":"Adresse ViaCordis AkademieUntere Dorfstra\u00dfe 879843 L\u00f6ffingen Datenschutz Deine pers\u00f6nlichen Daten werden streng vertraulich behandelt und ausschlie\u00dflich zur Bearbeitung deiner Anfragen erhoben, \u00fcbermittelt, verarbeitet und genutzt. Lese auch unsere Datenschutzerkl\u00e4rung. Telefon 07654 80 88 988Werktags von 09:00 bis 19:00 Uhr E-Mail hastenteufel(at)alizel.de","og_url":"https:\/\/viacordis-akademie.de\/elernen\/kontakt\/","og_site_name":"ViaCordis Akademie eLernen","article_modified_time":"2025-01-14T04:43:39+00:00","twitter_card":"summary_large_image","twitter_misc":{"Gesch\u00e4tzte Lesezeit":"1\u00a0Minute"},"schema":{"@context":"https:\/\/schema.org","@graph":[{"@type":"WebPage","@id":"https:\/\/viacordis-akademie.de\/elernen\/kontakt\/","url":"https:\/\/viacordis-akademie.de\/elernen\/kontakt\/","name":"Kontakt &#187; ViaCordis Akademie eLernen","isPartOf":{"@id":"https:\/\/viacordis-akademie.de\/elernen\/#website"},"datePublished":"2020-02-06T08:28:02+00:00","dateModified":"2025-01-14T04:43:39+00:00","breadcrumb":{"@id":"https:\/\/viacordis-akademie.de\/elernen\/kontakt\/#breadcrumb"},"inLanguage":"de","potentialAction":[{"@type":"ReadAction","target":["https:\/\/viacordis-akademie.de\/elernen\/kontakt\/"]}]},{"@type":"BreadcrumbList","@id":"https:\/\/viacordis-akademie.de\/elernen\/kontakt\/#breadcrumb","itemListElement":[{"@type":"ListItem","position":1,"name":"Startseite","item":"https:\/\/viacordis-akademie.de\/elernen\/"},{"@type":"ListItem","position":2,"name":"Kontakt"}]},{"@type":"WebSite","@id":"https:\/\/viacordis-akademie.de\/elernen\/#website","url":"https:\/\/viacordis-akademie.de\/elernen\/","name":"ViaCordis Akademie eLernen","description":"Elektronisch unterst\u00fctztes Lernen - deutschsprachige Nutzer..","publisher":{"@id":"https:\/\/viacordis-akademie.de\/elernen\/#organization"},"potentialAction":[{"@type":"SearchAction","target":{"@type":"EntryPoint","urlTemplate":"https:\/\/viacordis-akademie.de\/elernen\/?s={search_term_string}"},"query-input":{"@type":"PropertyValueSpecification","valueRequired":true,"valueName":"search_term_string"}}],"inLanguage":"de"},{"@type":"Organization","@id":"https:\/\/viacordis-akademie.de\/elernen\/#organization","name":"Via Cordis Akademie","url":"https:\/\/viacordis-akademie.de\/elernen\/","logo":{"@type":"ImageObject","inLanguage":"de","@id":"https:\/\/viacordis-akademie.de\/elernen\/#\/schema\/logo\/image\/","url":"https:\/\/viacordis-akademie.de\/elernen\/wp-content\/uploads\/sites\/3\/2020\/02\/vca-3.png","contentUrl":"https:\/\/viacordis-akademie.de\/elernen\/wp-content\/uploads\/sites\/3\/2020\/02\/vca-3.png","width":873,"height":443,"caption":"Via Cordis Akademie"},"image":{"@id":"https:\/\/viacordis-akademie.de\/elernen\/#\/schema\/logo\/image\/"}}]}},"taxonomy_info":[],"featured_image_src_large":false,"author_info":{"display_name":"Zeljko","author_link":"https:\/\/viacordis-akademie.de\/elernen\/author\/redaktion\/"},"comment_info":0,"_links":{"self":[{"href":"https:\/\/viacordis-akademie.de\/elernen\/wp-json\/wp\/v2\/pages\/31","targetHints":{"allow":["GET"]}}],"collection":[{"href":"https:\/\/viacordis-akademie.de\/elernen\/wp-json\/wp\/v2\/pages"}],"about":[{"href":"https:\/\/viacordis-akademie.de\/elernen\/wp-json\/wp\/v2\/types\/page"}],"author":[{"embeddable":true,"href":"https:\/\/viacordis-akademie.de\/elernen\/wp-json\/wp\/v2\/users\/1"}],"replies":[{"embeddable":true,"href":"https:\/\/viacordis-akademie.de\/elernen\/wp-json\/wp\/v2\/comments?post=31"}],"version-history":[{"count":0,"href":"https:\/\/viacordis-akademie.de\/elernen\/wp-json\/wp\/v2\/pages\/31\/revisions"}],"wp:attachment":[{"href":"https:\/\/viacordis-akademie.de\/elernen\/wp-json\/wp\/v2\/media?parent=31"}],"curies":[{"name":"wp","href":"https:\/\/api.w.org\/{rel}","templated":true}]}}