{"id":976,"date":"2021-01-02T06:38:22","date_gmt":"2021-01-02T05:38:22","guid":{"rendered":"https:\/\/viacordis-akademie.de\/elernen\/?post_type=courses&#038;p=976"},"modified":"2021-02-17T07:07:11","modified_gmt":"2021-02-17T06:07:11","slug":"mein-koerper-spricht-mit-mir-teil-9","status":"publish","type":"courses","link":"https:\/\/viacordis-akademie.de\/elernen\/courses\/mein-koerper-spricht-mit-mir-teil-9\/","title":{"rendered":"Mein K\u00f6rper spricht mit mir, Teil 9"},"content":{"rendered":"\n<p>Dieser Kurs ist eine Innergetic Weiterbildung und ein Teil aus dem 12-teiligen Weiterbildungsprogramm mit insgesamt 64 Themen-Hintergr\u00fcnden. In diesem Kurs bekommst du ein Information-Video und regelm\u00e4\u00dfigen Video-Calls \u00fcber Zoom. Behandelt werden Informationsfelder, die hinter verschiedenen Symptomen bzw. Gesundheitsst\u00f6rungen stehen.<\/p>\n\n\n\n<div style=\"height:30px\" aria-hidden=\"true\" class=\"wp-block-spacer\"><\/div>\n\n\n<p>[shariff]<\/p>\n","protected":false},"excerpt":{"rendered":"<p>Weiterbildung in der Innergetic. Themen-Hintergr\u00fcnde in diesem Kurs sind:<br \/>\nMinderwertigkeit, MS-Erkrankung, Nase, Nieren, Nerven + Trigenimus-Neuralgie<\/p>\n","protected":false},"author":3,"featured_media":975,"template":"","meta":{"_kad_blocks_custom_css":"","_kad_blocks_head_custom_js":"","_kad_blocks_body_custom_js":"","_kad_blocks_footer_custom_js":"","_kad_post_transparent":"","_kad_post_title":"","_kad_post_layout":"","_kad_post_sidebar_id":"","_kad_post_content_style":"","_kad_post_vertical_padding":"","_kad_post_feature":"","_kad_post_feature_position":"","_kad_post_header":false,"_kad_post_footer":false,"_kad_post_classname":""},"course-category":[90],"course-tag":[93,92,91,95],"class_list":["post-976","courses","type-courses","status-publish","has-post-thumbnail","hentry","course-category-innergetic","course-tag-gesundheitsstoerungen","course-tag-informationsfelder","course-tag-innergetic","course-tag-mksmm"],"yoast_head":"<!-- This site is optimized with the Yoast SEO plugin v27.5 - https:\/\/yoast.com\/product\/yoast-seo-wordpress\/ -->\n<title>Mein K\u00f6rper spricht mit mir, Teil 9 &#187; ViaCordis Akademie eLernen<\/title>\n<meta name=\"robots\" content=\"index, follow, max-snippet:-1, max-image-preview:large, max-video-preview:-1\" \/>\n<link rel=\"canonical\" href=\"https:\/\/viacordis-akademie.de\/elernen\/courses\/mein-koerper-spricht-mit-mir-teil-9\/\" \/>\n<meta property=\"og:locale\" content=\"de_DE\" \/>\n<meta property=\"og:type\" content=\"article\" \/>\n<meta property=\"og:title\" content=\"Mein K\u00f6rper spricht mit mir, Teil 9 &#187; ViaCordis Akademie eLernen\" \/>\n<meta property=\"og:description\" content=\"Weiterbildung in der Innergetic. Themen-Hintergr\u00fcnde in diesem Kurs sind: Minderwertigkeit, MS-Erkrankung, Nase, Nieren, Nerven + Trigenimus-Neuralgie\" \/>\n<meta property=\"og:url\" content=\"https:\/\/viacordis-akademie.de\/elernen\/courses\/mein-koerper-spricht-mit-mir-teil-9\/\" \/>\n<meta property=\"og:site_name\" content=\"ViaCordis Akademie eLernen\" \/>\n<meta property=\"article:modified_time\" content=\"2021-02-17T06:07:11+00:00\" \/>\n<meta property=\"og:image\" content=\"https:\/\/viacordis-akademie.de\/elernen\/wp-content\/uploads\/sites\/3\/2021\/01\/mKsmm109.jpg\" \/>\n\t<meta property=\"og:image:width\" content=\"1069\" \/>\n\t<meta property=\"og:image:height\" content=\"600\" \/>\n\t<meta property=\"og:image:type\" content=\"image\/jpeg\" \/>\n<meta name=\"twitter:card\" content=\"summary_large_image\" \/>\n<meta name=\"twitter:label1\" content=\"Gesch\u00e4tzte Lesezeit\" \/>\n\t<meta name=\"twitter:data1\" content=\"1\u00a0Minute\" \/>\n<script type=\"application\/ld+json\" class=\"yoast-schema-graph\">{\"@context\":\"https:\\\/\\\/schema.org\",\"@graph\":[{\"@type\":\"WebPage\",\"@id\":\"https:\\\/\\\/viacordis-akademie.de\\\/elernen\\\/courses\\\/mein-koerper-spricht-mit-mir-teil-9\\\/\",\"url\":\"https:\\\/\\\/viacordis-akademie.de\\\/elernen\\\/courses\\\/mein-koerper-spricht-mit-mir-teil-9\\\/\",\"name\":\"Mein K\u00f6rper spricht mit mir, Teil 9 &#187; ViaCordis Akademie eLernen\",\"isPartOf\":{\"@id\":\"https:\\\/\\\/viacordis-akademie.de\\\/elernen\\\/#website\"},\"primaryImageOfPage\":{\"@id\":\"https:\\\/\\\/viacordis-akademie.de\\\/elernen\\\/courses\\\/mein-koerper-spricht-mit-mir-teil-9\\\/#primaryimage\"},\"image\":{\"@id\":\"https:\\\/\\\/viacordis-akademie.de\\\/elernen\\\/courses\\\/mein-koerper-spricht-mit-mir-teil-9\\\/#primaryimage\"},\"thumbnailUrl\":\"https:\\\/\\\/viacordis-akademie.de\\\/elernen\\\/wp-content\\\/uploads\\\/sites\\\/3\\\/2021\\\/01\\\/mKsmm109.jpg\",\"datePublished\":\"2021-01-02T05:38:22+00:00\",\"dateModified\":\"2021-02-17T06:07:11+00:00\",\"breadcrumb\":{\"@id\":\"https:\\\/\\\/viacordis-akademie.de\\\/elernen\\\/courses\\\/mein-koerper-spricht-mit-mir-teil-9\\\/#breadcrumb\"},\"inLanguage\":\"de\",\"potentialAction\":[{\"@type\":\"ReadAction\",\"target\":[\"https:\\\/\\\/viacordis-akademie.de\\\/elernen\\\/courses\\\/mein-koerper-spricht-mit-mir-teil-9\\\/\"]}]},{\"@type\":\"ImageObject\",\"inLanguage\":\"de\",\"@id\":\"https:\\\/\\\/viacordis-akademie.de\\\/elernen\\\/courses\\\/mein-koerper-spricht-mit-mir-teil-9\\\/#primaryimage\",\"url\":\"https:\\\/\\\/viacordis-akademie.de\\\/elernen\\\/wp-content\\\/uploads\\\/sites\\\/3\\\/2021\\\/01\\\/mKsmm109.jpg\",\"contentUrl\":\"https:\\\/\\\/viacordis-akademie.de\\\/elernen\\\/wp-content\\\/uploads\\\/sites\\\/3\\\/2021\\\/01\\\/mKsmm109.jpg\",\"width\":1069,\"height\":600,\"caption\":\"Mein K\u00f6rper spricht mit mir, Teil 9\"},{\"@type\":\"BreadcrumbList\",\"@id\":\"https:\\\/\\\/viacordis-akademie.de\\\/elernen\\\/courses\\\/mein-koerper-spricht-mit-mir-teil-9\\\/#breadcrumb\",\"itemListElement\":[{\"@type\":\"ListItem\",\"position\":1,\"name\":\"Startseite\",\"item\":\"https:\\\/\\\/viacordis-akademie.de\\\/elernen\\\/\"},{\"@type\":\"ListItem\",\"position\":2,\"name\":\"Kurse\",\"item\":\"https:\\\/\\\/viacordis-akademie.de\\\/elernen\\\/courses\\\/\"},{\"@type\":\"ListItem\",\"position\":3,\"name\":\"Mein K\u00f6rper spricht mit mir, Teil 9\"}]},{\"@type\":\"WebSite\",\"@id\":\"https:\\\/\\\/viacordis-akademie.de\\\/elernen\\\/#website\",\"url\":\"https:\\\/\\\/viacordis-akademie.de\\\/elernen\\\/\",\"name\":\"ViaCordis Akademie eLernen\",\"description\":\"Elektronisch unterst\u00fctztes Lernen - deutschsprachige Nutzer..\",\"publisher\":{\"@id\":\"https:\\\/\\\/viacordis-akademie.de\\\/elernen\\\/#organization\"},\"potentialAction\":[{\"@type\":\"SearchAction\",\"target\":{\"@type\":\"EntryPoint\",\"urlTemplate\":\"https:\\\/\\\/viacordis-akademie.de\\\/elernen\\\/?s={search_term_string}\"},\"query-input\":{\"@type\":\"PropertyValueSpecification\",\"valueRequired\":true,\"valueName\":\"search_term_string\"}}],\"inLanguage\":\"de\"},{\"@type\":\"Organization\",\"@id\":\"https:\\\/\\\/viacordis-akademie.de\\\/elernen\\\/#organization\",\"name\":\"Via Cordis Akademie\",\"url\":\"https:\\\/\\\/viacordis-akademie.de\\\/elernen\\\/\",\"logo\":{\"@type\":\"ImageObject\",\"inLanguage\":\"de\",\"@id\":\"https:\\\/\\\/viacordis-akademie.de\\\/elernen\\\/#\\\/schema\\\/logo\\\/image\\\/\",\"url\":\"https:\\\/\\\/viacordis-akademie.de\\\/elernen\\\/wp-content\\\/uploads\\\/sites\\\/3\\\/2020\\\/02\\\/vca-3.png\",\"contentUrl\":\"https:\\\/\\\/viacordis-akademie.de\\\/elernen\\\/wp-content\\\/uploads\\\/sites\\\/3\\\/2020\\\/02\\\/vca-3.png\",\"width\":873,\"height\":443,\"caption\":\"Via Cordis Akademie\"},\"image\":{\"@id\":\"https:\\\/\\\/viacordis-akademie.de\\\/elernen\\\/#\\\/schema\\\/logo\\\/image\\\/\"}}]}<\/script>\n<!-- \/ Yoast SEO plugin. -->","yoast_head_json":{"title":"Mein K\u00f6rper spricht mit mir, Teil 9 &#187; ViaCordis Akademie eLernen","robots":{"index":"index","follow":"follow","max-snippet":"max-snippet:-1","max-image-preview":"max-image-preview:large","max-video-preview":"max-video-preview:-1"},"canonical":"https:\/\/viacordis-akademie.de\/elernen\/courses\/mein-koerper-spricht-mit-mir-teil-9\/","og_locale":"de_DE","og_type":"article","og_title":"Mein K\u00f6rper spricht mit mir, Teil 9 &#187; ViaCordis Akademie eLernen","og_description":"Weiterbildung in der Innergetic. Themen-Hintergr\u00fcnde in diesem Kurs sind: Minderwertigkeit, MS-Erkrankung, Nase, Nieren, Nerven + Trigenimus-Neuralgie","og_url":"https:\/\/viacordis-akademie.de\/elernen\/courses\/mein-koerper-spricht-mit-mir-teil-9\/","og_site_name":"ViaCordis Akademie eLernen","article_modified_time":"2021-02-17T06:07:11+00:00","og_image":[{"width":1069,"height":600,"url":"https:\/\/viacordis-akademie.de\/elernen\/wp-content\/uploads\/sites\/3\/2021\/01\/mKsmm109.jpg","type":"image\/jpeg"}],"twitter_card":"summary_large_image","twitter_misc":{"Gesch\u00e4tzte Lesezeit":"1\u00a0Minute"},"schema":{"@context":"https:\/\/schema.org","@graph":[{"@type":"WebPage","@id":"https:\/\/viacordis-akademie.de\/elernen\/courses\/mein-koerper-spricht-mit-mir-teil-9\/","url":"https:\/\/viacordis-akademie.de\/elernen\/courses\/mein-koerper-spricht-mit-mir-teil-9\/","name":"Mein K\u00f6rper spricht mit mir, Teil 9 &#187; ViaCordis Akademie eLernen","isPartOf":{"@id":"https:\/\/viacordis-akademie.de\/elernen\/#website"},"primaryImageOfPage":{"@id":"https:\/\/viacordis-akademie.de\/elernen\/courses\/mein-koerper-spricht-mit-mir-teil-9\/#primaryimage"},"image":{"@id":"https:\/\/viacordis-akademie.de\/elernen\/courses\/mein-koerper-spricht-mit-mir-teil-9\/#primaryimage"},"thumbnailUrl":"https:\/\/viacordis-akademie.de\/elernen\/wp-content\/uploads\/sites\/3\/2021\/01\/mKsmm109.jpg","datePublished":"2021-01-02T05:38:22+00:00","dateModified":"2021-02-17T06:07:11+00:00","breadcrumb":{"@id":"https:\/\/viacordis-akademie.de\/elernen\/courses\/mein-koerper-spricht-mit-mir-teil-9\/#breadcrumb"},"inLanguage":"de","potentialAction":[{"@type":"ReadAction","target":["https:\/\/viacordis-akademie.de\/elernen\/courses\/mein-koerper-spricht-mit-mir-teil-9\/"]}]},{"@type":"ImageObject","inLanguage":"de","@id":"https:\/\/viacordis-akademie.de\/elernen\/courses\/mein-koerper-spricht-mit-mir-teil-9\/#primaryimage","url":"https:\/\/viacordis-akademie.de\/elernen\/wp-content\/uploads\/sites\/3\/2021\/01\/mKsmm109.jpg","contentUrl":"https:\/\/viacordis-akademie.de\/elernen\/wp-content\/uploads\/sites\/3\/2021\/01\/mKsmm109.jpg","width":1069,"height":600,"caption":"Mein K\u00f6rper spricht mit mir, Teil 9"},{"@type":"BreadcrumbList","@id":"https:\/\/viacordis-akademie.de\/elernen\/courses\/mein-koerper-spricht-mit-mir-teil-9\/#breadcrumb","itemListElement":[{"@type":"ListItem","position":1,"name":"Startseite","item":"https:\/\/viacordis-akademie.de\/elernen\/"},{"@type":"ListItem","position":2,"name":"Kurse","item":"https:\/\/viacordis-akademie.de\/elernen\/courses\/"},{"@type":"ListItem","position":3,"name":"Mein K\u00f6rper spricht mit mir, Teil 9"}]},{"@type":"WebSite","@id":"https:\/\/viacordis-akademie.de\/elernen\/#website","url":"https:\/\/viacordis-akademie.de\/elernen\/","name":"ViaCordis Akademie eLernen","description":"Elektronisch unterst\u00fctztes Lernen - deutschsprachige Nutzer..","publisher":{"@id":"https:\/\/viacordis-akademie.de\/elernen\/#organization"},"potentialAction":[{"@type":"SearchAction","target":{"@type":"EntryPoint","urlTemplate":"https:\/\/viacordis-akademie.de\/elernen\/?s={search_term_string}"},"query-input":{"@type":"PropertyValueSpecification","valueRequired":true,"valueName":"search_term_string"}}],"inLanguage":"de"},{"@type":"Organization","@id":"https:\/\/viacordis-akademie.de\/elernen\/#organization","name":"Via Cordis Akademie","url":"https:\/\/viacordis-akademie.de\/elernen\/","logo":{"@type":"ImageObject","inLanguage":"de","@id":"https:\/\/viacordis-akademie.de\/elernen\/#\/schema\/logo\/image\/","url":"https:\/\/viacordis-akademie.de\/elernen\/wp-content\/uploads\/sites\/3\/2020\/02\/vca-3.png","contentUrl":"https:\/\/viacordis-akademie.de\/elernen\/wp-content\/uploads\/sites\/3\/2020\/02\/vca-3.png","width":873,"height":443,"caption":"Via Cordis Akademie"},"image":{"@id":"https:\/\/viacordis-akademie.de\/elernen\/#\/schema\/logo\/image\/"}}]}},"taxonomy_info":{"course-category":[{"value":90,"label":"Innergetic"}],"course-tag":[{"value":93,"label":"Gesundheitsst\u00f6rungen"},{"value":92,"label":"Informationsfelder"},{"value":91,"label":"Innergetic"},{"value":95,"label":"MKSMM"}]},"featured_image_src_large":["https:\/\/viacordis-akademie.de\/elernen\/wp-content\/uploads\/sites\/3\/2021\/01\/mKsmm109-1024x575.jpg",1024,575,true],"author_info":{"display_name":"Alice","author_link":"https:\/\/viacordis-akademie.de\/elernen\/author\/alice\/"},"comment_info":"","_links":{"self":[{"href":"https:\/\/viacordis-akademie.de\/elernen\/wp-json\/wp\/v2\/courses\/976","targetHints":{"allow":["GET"]}}],"collection":[{"href":"https:\/\/viacordis-akademie.de\/elernen\/wp-json\/wp\/v2\/courses"}],"about":[{"href":"https:\/\/viacordis-akademie.de\/elernen\/wp-json\/wp\/v2\/types\/courses"}],"author":[{"embeddable":true,"href":"https:\/\/viacordis-akademie.de\/elernen\/wp-json\/wp\/v2\/users\/3"}],"wp:featuredmedia":[{"embeddable":true,"href":"https:\/\/viacordis-akademie.de\/elernen\/wp-json\/wp\/v2\/media\/975"}],"wp:attachment":[{"href":"https:\/\/viacordis-akademie.de\/elernen\/wp-json\/wp\/v2\/media?parent=976"}],"wp:term":[{"taxonomy":"course-category","embeddable":true,"href":"https:\/\/viacordis-akademie.de\/elernen\/wp-json\/wp\/v2\/course-category?post=976"},{"taxonomy":"course-tag","embeddable":true,"href":"https:\/\/viacordis-akademie.de\/elernen\/wp-json\/wp\/v2\/course-tag?post=976"}],"curies":[{"name":"wp","href":"https:\/\/api.w.org\/{rel}","templated":true}]}}

Mein Körper spricht mit mir, Teil 9

<p>Dieser Kurs ist eine Innergetic Weiterbildung und ein Teil aus dem 12-teiligen Weiterbildungsprogramm mit insgesamt 64 Themen-Hintergründen. In diesem Kurs bekommst du ein Information-Video und regelmäßigen Video-Calls über Zoom. Behandelt werden Informationsfelder, die hinter verschiedenen Symptomen bzw. Gesundheitsstörungen stehen.</p>



<div style="height:30px" aria-hidden="true" class="wp-block-spacer"></div>


<p>[shariff]</p>

<p>Weiterbildung in der Innergetic. Themen-Hintergründe in diesem Kurs sind:<br />
Minderwertigkeit, MS-Erkrankung, Nase, Nieren, Nerven + Trigenimus-Neuralgie</p>

<!-- This site is optimized with the Yoast SEO plugin v27.5 - https://yoast.com/product/yoast-seo-wordpress/ -->
<title>Mein Körper spricht mit mir, Teil 9 &#187; ViaCordis Akademie eLernen</title>
<meta name="robots" content="index, follow, max-snippet:-1, max-image-preview:large, max-video-preview:-1" />
<link rel="canonical" href="https://viacordis-akademie.de/elernen/courses/mein-koerper-spricht-mit-mir-teil-9/" />
<meta property="og:locale" content="de_DE" />
<meta property="og:type" content="article" />
<meta property="og:title" content="Mein Körper spricht mit mir, Teil 9 &#187; ViaCordis Akademie eLernen" />
<meta property="og:description" content="Weiterbildung in der Innergetic. Themen-Hintergründe in diesem Kurs sind: Minderwertigkeit, MS-Erkrankung, Nase, Nieren, Nerven + Trigenimus-Neuralgie" />
<meta property="og:url" content="https://viacordis-akademie.de/elernen/courses/mein-koerper-spricht-mit-mir-teil-9/" />
<meta property="og:site_name" content="ViaCordis Akademie eLernen" />
<meta property="article:modified_time" content="2021-02-17T06:07:11+00:00" />
<meta property="og:image" content="https://viacordis-akademie.de/elernen/wp-content/uploads/sites/3/2021/01/mKsmm109.jpg" />
	<meta property="og:image:width" content="1069" />
	<meta property="og:image:height" content="600" />
	<meta property="og:image:type" content="image/jpeg" />
<meta name="twitter:card" content="summary_large_image" />
<meta name="twitter:label1" content="Geschätzte Lesezeit" />
	<meta name="twitter:data1" content="1 Minute" />
<script type="application/ld+json" class="yoast-schema-graph">{"@context":"https:\/\/schema.org","@graph":[{"@type":"WebPage","@id":"https:\/\/viacordis-akademie.de\/elernen\/courses\/mein-koerper-spricht-mit-mir-teil-9\/","url":"https:\/\/viacordis-akademie.de\/elernen\/courses\/mein-koerper-spricht-mit-mir-teil-9\/","name":"Mein Körper spricht mit mir, Teil 9 &#187; ViaCordis Akademie eLernen","isPartOf":{"@id":"https:\/\/viacordis-akademie.de\/elernen\/#website"},"primaryImageOfPage":{"@id":"https:\/\/viacordis-akademie.de\/elernen\/courses\/mein-koerper-spricht-mit-mir-teil-9\/#primaryimage"},"image":{"@id":"https:\/\/viacordis-akademie.de\/elernen\/courses\/mein-koerper-spricht-mit-mir-teil-9\/#primaryimage"},"thumbnailUrl":"https:\/\/viacordis-akademie.de\/elernen\/wp-content\/uploads\/sites\/3\/2021\/01\/mKsmm109.jpg","datePublished":"2021-01-02T05:38:22+00:00","dateModified":"2021-02-17T06:07:11+00:00","breadcrumb":{"@id":"https:\/\/viacordis-akademie.de\/elernen\/courses\/mein-koerper-spricht-mit-mir-teil-9\/#breadcrumb"},"inLanguage":"de","potentialAction":[{"@type":"ReadAction","target":["https:\/\/viacordis-akademie.de\/elernen\/courses\/mein-koerper-spricht-mit-mir-teil-9\/"]}]},{"@type":"ImageObject","inLanguage":"de","@id":"https:\/\/viacordis-akademie.de\/elernen\/courses\/mein-koerper-spricht-mit-mir-teil-9\/#primaryimage","url":"https:\/\/viacordis-akademie.de\/elernen\/wp-content\/uploads\/sites\/3\/2021\/01\/mKsmm109.jpg","contentUrl":"https:\/\/viacordis-akademie.de\/elernen\/wp-content\/uploads\/sites\/3\/2021\/01\/mKsmm109.jpg","width":1069,"height":600,"caption":"Mein Körper spricht mit mir, Teil 9"},{"@type":"BreadcrumbList","@id":"https:\/\/viacordis-akademie.de\/elernen\/courses\/mein-koerper-spricht-mit-mir-teil-9\/#breadcrumb","itemListElement":[{"@type":"ListItem","position":1,"name":"Startseite","item":"https:\/\/viacordis-akademie.de\/elernen\/"},{"@type":"ListItem","position":2,"name":"Kurse","item":"https:\/\/viacordis-akademie.de\/elernen\/courses\/"},{"@type":"ListItem","position":3,"name":"Mein Körper spricht mit mir, Teil 9"}]},{"@type":"WebSite","@id":"https:\/\/viacordis-akademie.de\/elernen\/#website","url":"https:\/\/viacordis-akademie.de\/elernen\/","name":"ViaCordis Akademie eLernen","description":"Elektronisch unterstütztes Lernen - deutschsprachige Nutzer..","publisher":{"@id":"https:\/\/viacordis-akademie.de\/elernen\/#organization"},"potentialAction":[{"@type":"SearchAction","target":{"@type":"EntryPoint","urlTemplate":"https:\/\/viacordis-akademie.de\/elernen\/?s={search_term_string}"},"query-input":{"@type":"PropertyValueSpecification","valueRequired":true,"valueName":"search_term_string"}}],"inLanguage":"de"},{"@type":"Organization","@id":"https:\/\/viacordis-akademie.de\/elernen\/#organization","name":"Via Cordis Akademie","url":"https:\/\/viacordis-akademie.de\/elernen\/","logo":{"@type":"ImageObject","inLanguage":"de","@id":"https:\/\/viacordis-akademie.de\/elernen\/#\/schema\/logo\/image\/","url":"https:\/\/viacordis-akademie.de\/elernen\/wp-content\/uploads\/sites\/3\/2020\/02\/vca-3.png","contentUrl":"https:\/\/viacordis-akademie.de\/elernen\/wp-content\/uploads\/sites\/3\/2020\/02\/vca-3.png","width":873,"height":443,"caption":"Via Cordis Akademie"},"image":{"@id":"https:\/\/viacordis-akademie.de\/elernen\/#\/schema\/logo\/image\/"}}]}</script>
<!-- / Yoast SEO plugin. -->

Mein Körper spricht mit mir, Teil 9 &#187; ViaCordis Akademie eLernen

Weiterbildung in der Innergetic. Themen-Hintergründe in diesem Kurs sind: Minderwertigkeit, MS-Erkrankung, Nase, Nieren, Nerven + Trigenimus-Neuralgie

Elektronisch unterstütztes Lernen - deutschsprachige Nutzer..

Gesundheitsstörungen
